the greatest common factor of w and i.
6
Let l be 2/16 + 5265/120. Calculate the greatest common factor of l and 726.
22
Let o = 29 + -25. Suppose -5*c = o*c - 1008. What is the highest common factor of 16 and c?
16
Let g be ((-8)/(-1))/4 - 0/1. Suppose 0 = -5*x - 25, g*i + 0*i - 31 = -x. Calculate the highest common factor of i and 90.
18
Let h(d) = d**3 + 2*d**2 + 5. Let g be h(0). Suppose 0 = 4*y - 5*i - 1491, -14 = y + g*i - 393. What is the highest common divisor of 34 and y?
34
Suppose -3*i + 5*i = -m + 4, 0 = 3*m - 4*i - 42. Suppose -p + 5*n + 45 = 0, 7*p + n - 101 = 5*p. Calculate the greatest common divisor of m and p.
10
Let u(c) = 2*c**2 + 3*c. Let a be u(-3). Suppose 2*f = -2*n + 76, -44*f + 39*f = -4*n - 172. What is the highest common divisor of a and f?
9
Suppose -30 = -3*m + 4*y, -8*y + 3*y = -m + 10. Let h be (-482)/(-3)*30/m. Let a = h + -119. Calculate the highest common divisor of 33 and a.
33
Let r = -726 - -947. What is the greatest common divisor of 52 and r?
13
Let v(h) = -h**3 - 2*h**2 + 3*h + 10. Suppose -2*m + 0 = 2*u + 4, 4*m = u - 28. Let t be v(m). Calculate the highest common divisor of 17 and t.
17
Let p be (-187)/(-4) - 69/92. Calculate the highest common divisor of p and 368.
46
Let w = 122 - 34. Let y = 169 - 111. Let l = w - y. What is the highest common factor of l and 15?
15
Let p(b) = -b**3 + 12*b**2 + 29*b - 161. Let c be p(12). What is the greatest common divisor of 17 and c?
17
Suppose 37 = 2*t + 7. Suppose k = 4*k - 30. What is the greatest common divisor of t and k?
5
Let l be 2*(-3 - 76/(-8)). Suppose -4 = 3*d - l. Let r be d/(-9) - (-590)/6. Calculate the highest common divisor of 14 and r.
14
Suppose -57*l + 4032 = -39*l. What is the greatest common divisor of 24 and l?
8
Let w(p) = p**2 + 2*p - 64. Let g be w(-10). What is the greatest common factor of g and 136?
8
Let l = -24 + 9. Let u = l - -40. What is the greatest common divisor of 225 and u?
25
Suppose -9 = 5*g - 69. Let q be (4 + 0)/((-1)/(-9)). Calculate the greatest common factor of g and q.
12
Let r = -120 - -189. Let s = 149 - r. What is the greatest common divisor of 16 and s?
16
Let z = -19 - -24. Suppose 4*y - 6*y = -k - 155, 390 = 5*y - z*k. What is the greatest common factor of y and 7?
7
Let m = 370 + -334. What is the greatest common divisor of m and 12?
12
Let x(k) = -11*k - 9. Let q be x(-3). Let h = q - -2. What is the highest common factor of 13 and h?
13
Suppose -x = -o - 7, 0 = x - 4*o - 14 - 8. Let b be 5 - (x + 3 + -5). What is the highest common factor of b and 55?
5
Suppose n + 4 - 8 = 0, -q - 3*n + 43 = 0. Let j(w) = -w**2 + 248. Let u be j(0). What is the highest common divisor of u and q?
31
Let h = -326 + 389. What is the highest common divisor of 7 and h?
7
Let o = -32 + 35. Suppose 16 - 34 = -o*y. Calculate the highest common factor of 12 and y.
6
Let c = -657 - -671. What is the greatest common divisor of 252 and c?
14
Suppose r + 0*r - 4 = 0. Let c be 61 - (2 + -3)*-4. Suppose -2*k = -5*i - c, 5*k + 5*i - 195 = -0*k. What is the greatest common divisor of r and k?
4
Suppose -2*y + 1029 = -n - 466, -4*n + 2996 = 4*y. What is the highest common factor of 68 and y?
68
Let v be ((-46)/(-115))/(1/(-10)). Let d be (-9)/(-3)*4*(-7)/v. What is the highest common factor of d and 9?
3
Suppose i = -i + 22. Let l(u) = -u**3 - 8*u**2 - 12*u + 10. Let y be l(-6). Let z = 32 - y. What is the greatest common factor of i and z?
11
Let p(c) = 3*c**2 + 4*c + 11. Let d be p(-8). Calculate the highest common factor of d and 27.
9
Suppose 0 = -8*f + 4*f + 32. Suppose 2*s - 10*a + 5*a - 186 = 0, 2*s = 3*a + 182. Calculate the highest common divisor of f and s.
8
Suppose 5*q = -x + 219, -2*q + 3*x + 74 = -0*q. What is the greatest common divisor of 1 and q?
1
Let u be (-8995)/(-20) + 0 + 2/8. Calculate the highest common divisor of u and 200.
50
Let b be 7/(14/72)*(-14)/(-21). What is the greatest common factor of b and 168?
24
Suppose -8*v + 75 = -189. Suppose 0 = 4*f + t - 39, 0 = 3*f - 5*f - 5*t + v. Calculate the greatest common divisor of f and 6.
3
Let v be (-23)/(-1 + 1 + -1). What is the greatest common factor of v and 46?
23
Let v be (44/10 + -4)*150. Let m be 2/5 - (-4776)/v. Suppose 3*x + x - 40 = 0. Calculate the highest common divisor of x and m.
10
Let a = 57 - 46. Suppose 0 = -3*s + 4*s - 5. Suppose 2*l = 2*n - 156, s*l + 5 = -0*l. What is the highest common divisor of n and a?
11
Suppose 0 = s - 3*t - 10, -s - 5*t = -2*s + 14. Suppose -3*i = 5*n - 45, 4*n - 83*i - 4 = -79*i. What is the highest common divisor of s and n?
2
Let z = 151 - 51. Suppose 0*p = -4*p + z. What is the highest common factor of p and 5?
5
Let w(n) = -4*n + 21. Let t be w(4). Suppose t*a = -2*a + 672. What is the greatest common divisor of 24 and a?
24
Suppose g - 5*i = 429 + 820, -2*i = 3*g - 3815. Calculate the greatest common factor of 47 and g.
47
Suppose -2*m + 0 - 136 = -d, 3*m - 544 = -4*d. What is the greatest common factor of 68 and d?
68
Suppose -2 = -2*l + 5*r, 5 = 6*l - l + 2*r. Let q be 6/(-3) + 3 + l. Suppose -n = -17 + q. What is the highest common factor of n and 105?
15
Let f(k) = -k**3 - 21*k**2 + 14*k - 226. Let c be f(-23). What is the highest common divisor of 119 and c?
17
Suppose -2*l + 26 = 18. Calculate the greatest common divisor of l and 36.
4
Let w = -210 + 405. What is the highest common factor of 45 and w?
15
Suppose 3*m + 7*f - 5*f = 58, -4*m = 2*f - 80. What is the greatest common divisor of 16 and m?
2
Suppose -2 = -a - 0, 2*a - 4 = s. Suppose s = 5*n - 0*n - 440. What is the greatest common factor of 11 and n?
11
Let l = 18 + -14. Suppose l*c - 2*f = -12 + 98, -2*c - f = -33. What is the greatest common factor of c and 19?
19
Let y(h) = 33*h**2 - 13*h + 42. Let u be y(7). What is the highest common divisor of 98 and u?
98
Let f(g) = 95*g**2 - 22*g - 16. Let q be f(-2). Calculate the greatest common factor of 51 and q.
51
Suppose -3*q + t = 2*t - 20, -5*t + 20 = -q. Let k be q*((-46)/(-10) - 1). Suppose 2*r = -r + 270. Calculate the greatest common divisor of k and r.
18
Suppose 0 = r - 3*r + 18. Suppose 0 = -817*u + 819*u - 6. What is the highest common factor of r and u?
3
Let i = 21 + 39. Let s = -196 + 91. Let b = s - -129. Calculate the greatest common divisor of b and i.
12
Suppose -9*z - 111 = -1101. What is the greatest common divisor of 22 and z?
22
Let k be (2 + 2 + -6)*-15. Let n(q) = q**3 + 5*q**2 + 5*q + 4. Let a be n(-4). Suppose a = -5*d + 2*d + k. Calculate the highest common divisor of d and 50.
10
Suppose 5*w + 5*l = 395, -w - 4*w - 3*l = -395. Calculate the greatest common factor of 1027 and w.
79
Suppose 214*z - 231*z = -102. What is the greatest common divisor of 81 and z?
3
Let x(m) = 4*m**3 - m**2 - 2*m. Let i be x(4). Let h be -2 + 1/(-3) + i/3. What is the greatest common divisor of 15 and h?
15
Let a = -318 + 457. Let b = a - 59. Suppose -8*n = -3*n - b. What is the highest common divisor of n and 64?
16
Suppose n = -5*a - 0 + 26, 2*a = 4*n - 170. Suppose -n = -4*o - 9. Let y = 40 + -8. What is the highest common divisor of y and o?
8
Let j be 237 - (-6)/(1 + 1). Suppose y = 4*y - j. Calculate the greatest common divisor of 32 and y.
16
Let f = -521 + 686. Let g be (2/4)/(2/132). What is the greatest common divisor of f and g?
33
Let u = -16 + 21. Suppose 0 = 3*t + i - 31, -u*t - 4*i - i = -65. Calculate the highest common divisor of 81 and t.
9
Let w = 2 + 5. Suppose 0*a + 4*a = 452. Let p = a - 36. What is the highest common factor of w and p?
7
Suppose -2*n + 60 = 3*q + 3*n, q - n - 12 = 0. Calculate the highest common divisor of 555 and q.
15
Let s be 64/(-3)*3/(-2). Let g be (-22)/((-120)/15 + (-254)/(-32)). Calculate the highest common divisor of s and g.
32
Suppose 0 = 17*l + 3*l - 40. What is the greatest common divisor of 18 and l?
2
Let c be (-2 - -232 - -5) + -5. What is the highest common factor of c and 20?
10
Let n be 3 - (6 + 132/(-4)). Suppose -q + 5*c - 10 = -65, 0 = -q + 3*c + 49. What is the greatest common factor of q and n?
10
Let s be 5/(-25) - (-7)/(70/22). Calculate the greatest common factor of s and 94.
2
Let w = 50 - 57. Let c = 67 + w. Suppose -60 = -3*n - 2*n. Calculate the greatest common factor of n and c.
12
Let n = 1412 - 1316. What is the greatest com